[INFO] cloning repository https://github.com/afaucher17/gomoku
[INFO] running `Command { std: "git" "-c" "credential.helper=" "-c" "credential.helper=/workspace/cargo-home/bin/git-credential-null" "clone" "--bare" "https://github.com/afaucher17/gomoku" "/workspace/cache/git-repos/https%3A%2F%2Fgithub.com%2Fafaucher17%2Fgomoku", kill_on_drop: false }`
[INFO] [stderr] Cloning into bare repository '/workspace/cache/git-repos/https%3A%2F%2Fgithub.com%2Fafaucher17%2Fgomoku'...
[INFO] running `Command { std: "git" "rev-parse" "HEAD", kill_on_drop: false }`
[INFO] [stdout] 4d9c73b2a3b137b3d22be1a0e9d84349e2dc81a7
[INFO] checking afaucher17/gomoku against master#e6e4f7ed1589e03bc2f6c5931c1a72e7947e8682 for beta-170-4
[INFO] running `Command { std: "git" "clone" "/workspace/cache/git-repos/https%3A%2F%2Fgithub.com%2Fafaucher17%2Fgomoku" "/workspace/builds/worker-6-tc2/source", kill_on_drop: false }`
[INFO] [stderr] Cloning into '/workspace/builds/worker-6-tc2/source'...
[INFO] [stderr] done.
[INFO] validating manifest of git repo https://github.com/afaucher17/gomoku on toolchain e6e4f7ed1589e03bc2f6c5931c1a72e7947e8682
[INFO] running `Command { std: CARGO_HOME="/workspace/cargo-home" RUSTUP_HOME="/workspace/rustup-home" "/workspace/cargo-home/bin/cargo" "+e6e4f7ed1589e03bc2f6c5931c1a72e7947e8682" "metadata" "--manifest-path" "Cargo.toml" "--no-deps", kill_on_drop: false }`
[INFO] started tweaking git repo https://github.com/afaucher17/gomoku
[INFO] finished tweaking git repo https://github.com/afaucher17/gomoku
[INFO] tweaked toml for git repo https://github.com/afaucher17/gomoku written to /workspace/builds/worker-6-tc2/source/Cargo.toml
[INFO] crate git repo https://github.com/afaucher17/gomoku already has a lockfile, it will not be regenerated
[INFO] running `Command { std: CARGO_HOME="/workspace/cargo-home" RUSTUP_HOME="/workspace/rustup-home" "/workspace/cargo-home/bin/cargo" "+e6e4f7ed1589e03bc2f6c5931c1a72e7947e8682" "fetch" "--manifest-path" "Cargo.toml", kill_on_drop: false }`
[INFO] running `Command { std: "docker" "create" "-v" "/var/lib/crater-agent-workspace/builds/worker-6-tc2/target:/opt/rustwide/target:rw,Z" "-v" "/var/lib/crater-agent-workspace/builds/worker-6-tc2/source:/opt/rustwide/workdir:ro,Z" "-v" "/var/lib/crater-agent-workspace/cargo-home:/opt/rustwide/cargo-home:ro,Z" "-v" "/var/lib/crater-agent-workspace/rustup-home:/opt/rustwide/rustup-home:ro,Z" "-e" "SOURCE_DIR=/opt/rustwide/workdir" "-e" "CARGO_TARGET_DIR=/opt/rustwide/target" "-e" "CARGO_HOME=/opt/rustwide/cargo-home" "-e" "RUSTUP_HOME=/opt/rustwide/rustup-home" "-w" "/opt/rustwide/workdir" "-m" "1610612736" "--user" "0:0" "--network" "none" "ghcr.io/rust-lang/crates-build-env/linux@sha256:19e73879b68f455e41552ea35293514db52ea292d993f571636dbffedb77a1ee" "/opt/rustwide/cargo-home/bin/cargo" "+e6e4f7ed1589e03bc2f6c5931c1a72e7947e8682" "metadata" "--no-deps" "--format-version=1", kill_on_drop: false }`
[INFO] [stdout] dd6d77a0df55fb98ef828a32acbd2f93d5436113044b8388199e8aa142eb189d
[INFO] running `Command { std: "docker" "start" "-a" "dd6d77a0df55fb98ef828a32acbd2f93d5436113044b8388199e8aa142eb189d", kill_on_drop: false }`
[INFO] running `Command { std: "docker" "inspect" "dd6d77a0df55fb98ef828a32acbd2f93d5436113044b8388199e8aa142eb189d", kill_on_drop: false }`
[INFO] running `Command { std: "docker" "rm" "-f" "dd6d77a0df55fb98ef828a32acbd2f93d5436113044b8388199e8aa142eb189d", kill_on_drop: false }`
[INFO] [stdout] dd6d77a0df55fb98ef828a32acbd2f93d5436113044b8388199e8aa142eb189d
[INFO] running `Command { std: "docker" "create" "-v" "/var/lib/crater-agent-workspace/builds/worker-6-tc2/target:/opt/rustwide/target:rw,Z" "-v" "/var/lib/crater-agent-workspace/builds/worker-6-tc2/source:/opt/rustwide/workdir:ro,Z" "-v" "/var/lib/crater-agent-workspace/cargo-home:/opt/rustwide/cargo-home:ro,Z" "-v" "/var/lib/crater-agent-workspace/rustup-home:/opt/rustwide/rustup-home:ro,Z" "-e" "SOURCE_DIR=/opt/rustwide/workdir" "-e" "CARGO_TARGET_DIR=/opt/rustwide/target" "-e" "CARGO_INCREMENTAL=0" "-e" "RUST_BACKTRACE=full" "-e" "RUSTFLAGS=--cap-lints=forbid" "-e" "RUSTDOCFLAGS=--cap-lints=forbid" "-e" "CARGO_HOME=/opt/rustwide/cargo-home" "-e" "RUSTUP_HOME=/opt/rustwide/rustup-home" "-w" "/opt/rustwide/workdir" "-m" "1610612736" "--user" "0:0" "--network" "none" "ghcr.io/rust-lang/crates-build-env/linux@sha256:19e73879b68f455e41552ea35293514db52ea292d993f571636dbffedb77a1ee" "/opt/rustwide/cargo-home/bin/cargo" "+e6e4f7ed1589e03bc2f6c5931c1a72e7947e8682" "check" "--frozen" "--all" "--all-targets" "--message-format=json", kill_on_drop: false }`
[INFO] [stdout] 1d59668f02b42d729d41ee413c1de38074bdf32167dd635e697e0ee731ce6b72
[INFO] running `Command { std: "docker" "start" "-a" "1d59668f02b42d729d41ee413c1de38074bdf32167dd635e697e0ee731ce6b72", kill_on_drop: false }`
[INFO] [stderr]     Checking libc v0.2.19
[INFO] [stderr]    Compiling phf_shared v0.7.20
[INFO] [stderr]    Compiling winapi-build v0.1.1
[INFO] [stderr]    Compiling bitflags v0.7.0
[INFO] [stderr]    Compiling itoa v0.1.1
[INFO] [stderr]    Compiling num-traits v0.1.36
[INFO] [stderr]    Compiling serde v0.8.22
[INFO] [stderr]    Compiling dtoa v0.2.2
[INFO] [stderr]     Checking lazy_static v0.2.2
[INFO] [stderr]    Compiling pkg-config v0.3.8
[INFO] [stderr]     Checking winapi v0.2.8
[INFO] [stderr]    Compiling gcc v0.3.41
[INFO] [stderr]    Compiling semver v0.1.20
[INFO] [stderr]    Compiling khronos_api v1.0.0
[INFO] [stderr]    Compiling xml-rs v0.3.5
[INFO] [stderr]    Compiling log v0.3.6
[INFO] [stderr]    Compiling phf v0.7.20
[INFO] [stderr]     Checking byteorder v0.5.3
[INFO] [stderr]    Compiling backtrace v0.2.3
[INFO] [stderr]     Checking rustc-serialize v0.3.22
[INFO] [stderr]     Checking byteorder v1.0.0
[INFO] [stderr]    Compiling rustc_version v0.1.7
[INFO] [stderr]     Checking cfg-if v0.1.0
[INFO] [stderr]     Checking rand v0.3.15
[INFO] [stderr]     Checking shared_library v0.1.5
[INFO] [stderr]    Compiling kernel32-sys v0.2.2
[INFO] [stderr]    Compiling dbghelp-sys v0.2.0
[INFO] [stderr]     Checking num_cpus v1.2.1
[INFO] [stderr]     Checking osmesa-sys v0.1.2
[INFO] [stderr]     Checking rustc-demangle v0.1.3
[INFO] [stderr]     Checking adler32 v0.3.0
[INFO] [stderr]     Checking num-integer v0.1.32
[INFO] [stderr]     Checking lzw v0.10.0
[INFO] [stderr]     Checking deflate v0.7.2
[INFO] [stderr]    Compiling x11-dl v2.12.0
[INFO] [stderr]    Compiling freetype-sys v0.4.0
[INFO] [stderr]     Checking smallvec v0.1.8
[INFO] [stderr]     Checking num-iter v0.1.32
[INFO] [stderr]     Checking fnv v1.0.5
[INFO] [stderr]    Compiling tempfile v2.1.4
[INFO] [stderr]     Checking inflate v0.1.1
[INFO] [stderr]     Checking fs2 v0.2.5
[INFO] [stderr]     Checking color_quant v1.0.0
[INFO] [stderr]     Checking enum_primitive v0.1.1
[INFO] [stderr]     Checking term_size v0.2.1
[INFO] [stderr]     Checking memmap v0.4.0
[INFO] [stderr]     Checking unicode-segmentation v0.1.3
[INFO] [stderr]     Checking yaml-rust v0.3.5
[INFO] [stderr]     Checking strsim v0.5.2
[INFO] [stderr]    Compiling libz-sys v1.0.10
[INFO] [stderr]    Compiling wayland-scanner v0.7.6
[INFO] [stderr]    Compiling gl_generator v0.5.2
[INFO] [stderr]    Compiling backtrace-sys v0.1.5
[INFO] [stderr]     Checking deque v0.3.1
[INFO] [stderr]     Checking gif v0.9.0
[INFO] [stderr]     Checking glob v0.2.11
[INFO] [stderr]    Compiling phf_generator v0.7.20
[INFO] [stderr]     Checking rayon v0.6.0
[INFO] [stderr]    Compiling phf_codegen v0.7.20
[INFO] [stderr]     Checking approx v0.1.1
[INFO] [stderr]     Checking ansi_term v0.9.0
[INFO] [stderr]     Checking vec_map v0.6.0
[INFO] [stderr]     Checking unicode-width v0.1.4
[INFO] [stderr]     Checking scoped_threadpool v0.1.7
[INFO] [stderr]     Checking time v0.1.36
[INFO] [stderr]     Checking itertools v0.4.19
[INFO] [stderr]    Compiling target_build_utils v0.1.2
[INFO] [stderr]     Checking find_folder v0.3.0
[INFO] [stderr]     Checking clap v2.19.3
[INFO] [stderr]    Compiling wayland-client v0.7.6
[INFO] [stderr]    Compiling glutin v0.7.2
[INFO] [stderr]    Compiling glium v0.16.0
[INFO] [stderr]     Checking jpeg-decoder v0.1.11
[INFO] [stderr]     Checking png v0.6.2
[INFO] [stderr]     Checking num-bigint v0.1.35
[INFO] [stderr]     Checking cgmath v0.12.0
[INFO] [stderr]    Compiling serde_json v0.8.4
[INFO] [stderr]     Checking num-rational v0.1.35
[INFO] [stderr]     Checking image v0.12.1
[INFO] [stderr]    Compiling libloading v0.3.1
[INFO] [stderr]     Checking dlib v0.3.1
[INFO] [stderr]     Checking wayland-sys v0.7.6
[INFO] [stderr]     Checking wayland-kbd v0.6.2
[INFO] [stderr]     Checking wayland-window v0.4.3
[INFO] [stderr]     Checking winit v0.5.7
[INFO] [stderr]     Checking glium_text v0.11.0
[INFO] [stderr]     Checking gomoku v0.1.0 (/opt/rustwide/workdir)
[INFO] [stdout] warning: the feature `slice_patterns` has been stable since 1.42.0 and no longer requires an attribute to enable
[INFO] [stdout]  --> src/lib.rs:1:12
[INFO] [stdout]   |
[INFO] [stdout] 1 | #![feature(slice_patterns)]
[INFO] [stdout]   |            ^^^^^^^^^^^^^^
[INFO] [stdout]   |
[INFO] [stdout]   = note: `#[warn(stable_features)]` on by default
[INFO] [stdout] 
[INFO] [stdout] 
[INFO] [stdout] warning: the feature `range_contains` has been stable since 1.35.0 and no longer requires an attribute to enable
[INFO] [stdout]  --> src/lib.rs:2:12
[INFO] [stdout]   |
[INFO] [stdout] 2 | #![feature(range_contains)]
[INFO] [stdout]   |            ^^^^^^^^^^^^^^
[INFO] [stdout] 
[INFO] [stdout] 
[INFO] [stdout] warning: trait objects without an explicit `dyn` are deprecated
[INFO] [stdout]   --> src/board/board.rs:44:18
[INFO] [stdout]    |
[INFO] [stdout] 44 |     pub fun: Box<Fn(usize) -> (usize, usize)>,
[INFO] [stdout]    |                  ^^^^^^^^^^^^^^^^^^^^^^^^^^^
[INFO] [stdout]    |
[INFO] [stdout]    = warning: this is accepted in the current edition (Rust 2015) but is a hard error in Rust 2021!
[INFO] [stdout]    = note: for more information, see <https://doc.rust-lang.org/nightly/edition-guide/rust-2021/warnings-promoted-to-error.html>
[INFO] [stdout]    = note: `#[warn(bare_trait_objects)]` on by default
[INFO] [stdout] help: use `dyn`
[INFO] [stdout]    |
[INFO] [stdout] 44 |     pub fun: Box<dyn Fn(usize) -> (usize, usize)>,
[INFO] [stdout]    |                  +++
[INFO] [stdout] 
[INFO] [stdout] 
[INFO] [stdout] warning: the feature `slice_patterns` has been stable since 1.42.0 and no longer requires an attribute to enable
[INFO] [stdout]  --> src/lib.rs:1:12
[INFO] [stdout]   |
[INFO] [stdout] 1 | #![feature(slice_patterns)]
[INFO] [stdout]   |            ^^^^^^^^^^^^^^
[INFO] [stdout]   |
[INFO] [stdout]   = note: `#[warn(stable_features)]` on by default
[INFO] [stdout] 
[INFO] [stdout] 
[INFO] [stdout] warning: the feature `range_contains` has been stable since 1.35.0 and no longer requires an attribute to enable
[INFO] [stdout]  --> src/lib.rs:2:12
[INFO] [stdout]   |
[INFO] [stdout] 2 | #![feature(range_contains)]
[INFO] [stdout]   |            ^^^^^^^^^^^^^^
[INFO] [stdout] 
[INFO] [stdout] 
[INFO] [stdout] warning: trait objects without an explicit `dyn` are deprecated
[INFO] [stdout]   --> src/board/board.rs:44:18
[INFO] [stdout]    |
[INFO] [stdout] 44 |     pub fun: Box<Fn(usize) -> (usize, usize)>,
[INFO] [stdout]    |                  ^^^^^^^^^^^^^^^^^^^^^^^^^^^
[INFO] [stdout]    |
[INFO] [stdout]    = warning: this is accepted in the current edition (Rust 2015) but is a hard error in Rust 2021!
[INFO] [stdout]    = note: for more information, see <https://doc.rust-lang.org/nightly/edition-guide/rust-2021/warnings-promoted-to-error.html>
[INFO] [stdout]    = note: `#[warn(bare_trait_objects)]` on by default
[INFO] [stdout] help: use `dyn`
[INFO] [stdout]    |
[INFO] [stdout] 44 |     pub fun: Box<dyn Fn(usize) -> (usize, usize)>,
[INFO] [stdout]    |                  +++
[INFO] [stdout] 
[INFO] [stdout] 
[INFO] [stdout] error[E0308]: mismatched types
[INFO] [stdout]    --> src/board/board.rs:215:38
[INFO] [stdout]     |
[INFO] [stdout] 215 |                 if !(0..19).contains(x) || !(0..19).contains(y) {
[INFO] [stdout]     |                             -------- ^ expected `&_`, found `usize`
[INFO] [stdout]     |                             |
[INFO] [stdout]     |                             arguments to this method are incorrect
[INFO] [stdout]     |
[INFO] [stdout]     = note: expected reference `&_`
[INFO] [stdout]                     found type `usize`
[INFO] [stdout] note: method defined here
[INFO] [stdout]    --> /rustc/e6e4f7ed1589e03bc2f6c5931c1a72e7947e8682/library/core/src/ops/range.rs:119:12
[INFO] [stdout] help: consider borrowing here
[INFO] [stdout]     |
[INFO] [stdout] 215 |                 if !(0..19).contains(&x) || !(0..19).contains(y) {
[INFO] [stdout]     |                                      +
[INFO] [stdout] 
[INFO] [stdout] 
[INFO] [stdout] error[E0308]: mismatched types
[INFO] [stdout]    --> src/board/board.rs:215:38
[INFO] [stdout]     |
[INFO] [stdout] 215 |                 if !(0..19).contains(x) || !(0..19).contains(y) {
[INFO] [stdout]     |                             -------- ^ expected `&_`, found `usize`
[INFO] [stdout]     |                             |
[INFO] [stdout]     |                             arguments to this method are incorrect
[INFO] [stdout]     |
[INFO] [stdout]     = note: expected reference `&_`
[INFO] [stdout]                     found type `usize`
[INFO] [stdout] note: method defined here
[INFO] [stdout]    --> /rustc/e6e4f7ed1589e03bc2f6c5931c1a72e7947e8682/library/core/src/ops/range.rs:119:12
[INFO] [stdout] help: consider borrowing here
[INFO] [stdout]     |
[INFO] [stdout] 215 |                 if !(0..19).contains(&x) || !(0..19).contains(y) {
[INFO] [stdout]     |                                      +
[INFO] [stdout] 
[INFO] [stdout] 
[INFO] [stdout] error[E0308]: mismatched types
[INFO] [stdout]    --> src/board/board.rs:215:62
[INFO] [stdout]     |
[INFO] [stdout] 215 |                 if !(0..19).contains(x) || !(0..19).contains(y) {
[INFO] [stdout]     |                                                     -------- ^ expected `&_`, found `usize`
[INFO] [stdout]     |                                                     |
[INFO] [stdout]     |                                                     arguments to this method are incorrect
[INFO] [stdout]     |
[INFO] [stdout]     = note: expected reference `&_`
[INFO] [stdout]                     found type `usize`
[INFO] [stdout] note: method defined here
[INFO] [stdout]    --> /rustc/e6e4f7ed1589e03bc2f6c5931c1a72e7947e8682/library/core/src/ops/range.rs:119:12
[INFO] [stdout] help: consider borrowing here
[INFO] [stdout]     |
[INFO] [stdout] 215 |                 if !(0..19).contains(x) || !(0..19).contains(&y) {
[INFO] [stdout]     |                                                              +
[INFO] [stdout] 
[INFO] [stdout] 
[INFO] [stdout] error[E0308]: mismatched types
[INFO] [stdout]    --> src/board/board.rs:215:62
[INFO] [stdout]     |
[INFO] [stdout] 215 |                 if !(0..19).contains(x) || !(0..19).contains(y) {
[INFO] [stdout]     |                                                     -------- ^ expected `&_`, found `usize`
[INFO] [stdout]     |                                                     |
[INFO] [stdout]     |                                                     arguments to this method are incorrect
[INFO] [stdout]     |
[INFO] [stdout]     = note: expected reference `&_`
[INFO] [stdout]                     found type `usize`
[INFO] [stdout] note: method defined here
[INFO] [stdout]    --> /rustc/e6e4f7ed1589e03bc2f6c5931c1a72e7947e8682/library/core/src/ops/range.rs:119:12
[INFO] [stdout] help: consider borrowing here
[INFO] [stdout]     |
[INFO] [stdout] 215 |                 if !(0..19).contains(x) || !(0..19).contains(&y) {
[INFO] [stdout]     |                                                              +
[INFO] [stdout] 
[INFO] [stdout] 
[INFO] [stdout] error[E0308]: mismatched types
[INFO] [stdout]    --> src/board/board.rs:280:29
[INFO] [stdout]     |
[INFO] [stdout] 280 |         if (0..19).contains(x + 1)
[INFO] [stdout]     |                    -------- ^^^^^ expected `&_`, found `i32`
[INFO] [stdout]     |                    |
[INFO] [stdout]     |                    arguments to this method are incorrect
[INFO] [stdout]     |
[INFO] [stdout]     = note: expected reference `&_`
[INFO] [stdout]                     found type `i32`
[INFO] [stdout] note: method defined here
[INFO] [stdout]    --> /rustc/e6e4f7ed1589e03bc2f6c5931c1a72e7947e8682/library/core/src/ops/range.rs:119:12
[INFO] [stdout] help: consider borrowing here
[INFO] [stdout]     |
[INFO] [stdout] 280 |         if (0..19).contains(&(x + 1))
[INFO] [stdout]     |                             ++     +
[INFO] [stdout] 
[INFO] [stdout] 
[INFO] [stdout] error[E0308]: mismatched types
[INFO] [stdout]    --> src/board/board.rs:280:29
[INFO] [stdout]     |
[INFO] [stdout] 280 |         if (0..19).contains(x + 1)
[INFO] [stdout]     |                    -------- ^^^^^ expected `&_`, found `i32`
[INFO] [stdout]     |                    |
[INFO] [stdout]     |                    arguments to this method are incorrect
[INFO] [stdout]     |
[INFO] [stdout]     = note: expected reference `&_`
[INFO] [stdout]                     found type `i32`
[INFO] [stdout] note: method defined here
[INFO] [stdout]    --> /rustc/e6e4f7ed1589e03bc2f6c5931c1a72e7947e8682/library/core/src/ops/range.rs:119:12
[INFO] [stdout] help: consider borrowing here
[INFO] [stdout]     |
[INFO] [stdout] 280 |         if (0..19).contains(&(x + 1))
[INFO] [stdout]     |                             ++     +
[INFO] [stdout] 
[INFO] [stdout] 
[INFO] [stdout] error[E0308]: mismatched types
[INFO] [stdout]    --> src/board/board.rs:284:29
[INFO] [stdout]     |
[INFO] [stdout] 284 |         if (0..19).contains(x + 1) && (0..19).contains(y + 1)
[INFO] [stdout]     |                    -------- ^^^^^ expected `&_`, found `i32`
[INFO] [stdout]     |                    |
[INFO] [stdout]     |                    arguments to this method are incorrect
[INFO] [stdout]     |
[INFO] [stdout]     = note: expected reference `&_`
[INFO] [stdout]                     found type `i32`
[INFO] [stdout] note: method defined here
[INFO] [stdout]    --> /rustc/e6e4f7ed1589e03bc2f6c5931c1a72e7947e8682/library/core/src/ops/range.rs:119:12
[INFO] [stdout] help: consider borrowing here
[INFO] [stdout]     |
[INFO] [stdout] 284 |         if (0..19).contains(&(x + 1)) && (0..19).contains(y + 1)
[INFO] [stdout]     |                             ++     +
[INFO] [stdout] 
[INFO] [stdout] 
[INFO] [stdout] error[E0308]: mismatched types
[INFO] [stdout]    --> src/board/board.rs:284:29
[INFO] [stdout]     |
[INFO] [stdout] 284 |         if (0..19).contains(x + 1) && (0..19).contains(y + 1)
[INFO] [stdout]     |                    -------- ^^^^^ expected `&_`, found `i32`
[INFO] [stdout]     |                    |
[INFO] [stdout]     |                    arguments to this method are incorrect
[INFO] [stdout]     |
[INFO] [stdout]     = note: expected reference `&_`
[INFO] [stdout]                     found type `i32`
[INFO] [stdout] note: method defined here
[INFO] [stdout]    --> /rustc/e6e4f7ed1589e03bc2f6c5931c1a72e7947e8682/library/core/src/ops/range.rs:119:12
[INFO] [stdout] help: consider borrowing here
[INFO] [stdout]     |
[INFO] [stdout] 284 |         if (0..19).contains(&(x + 1)) && (0..19).contains(y + 1)
[INFO] [stdout]     |                             ++     +
[INFO] [stdout] 
[INFO] [stdout] 
[INFO] [stdout] error[E0308]: mismatched types
[INFO] [stdout]    --> src/board/board.rs:284:56
[INFO] [stdout]     |
[INFO] [stdout] 284 |         if (0..19).contains(x + 1) && (0..19).contains(y + 1)
[INFO] [stdout]     |                                               -------- ^^^^^ expected `&_`, found `i32`
[INFO] [stdout]     |                                               |
[INFO] [stdout]     |                                               arguments to this method are incorrect
[INFO] [stdout]     |
[INFO] [stdout]     = note: expected reference `&_`
[INFO] [stdout]                     found type `i32`
[INFO] [stdout] note: method defined here
[INFO] [stdout]    --> /rustc/e6e4f7ed1589e03bc2f6c5931c1a72e7947e8682/library/core/src/ops/range.rs:119:12
[INFO] [stdout] help: consider borrowing here
[INFO] [stdout]     |
[INFO] [stdout] 284 |         if (0..19).contains(x + 1) && (0..19).contains(&(y + 1))
[INFO] [stdout]     |                                                        ++     +
[INFO] [stdout] 
[INFO] [stdout] 
[INFO] [stdout] error[E0308]: mismatched types
[INFO] [stdout]    --> src/board/board.rs:284:56
[INFO] [stdout]     |
[INFO] [stdout] 284 |         if (0..19).contains(x + 1) && (0..19).contains(y + 1)
[INFO] [stdout]     |                                               -------- ^^^^^ expected `&_`, found `i32`
[INFO] [stdout]     |                                               |
[INFO] [stdout]     |                                               arguments to this method are incorrect
[INFO] [stdout]     |
[INFO] [stdout]     = note: expected reference `&_`
[INFO] [stdout]                     found type `i32`
[INFO] [stdout] note: method defined here
[INFO] [stdout]    --> /rustc/e6e4f7ed1589e03bc2f6c5931c1a72e7947e8682/library/core/src/ops/range.rs:119:12
[INFO] [stdout] help: consider borrowing here
[INFO] [stdout]     |
[INFO] [stdout] 284 |         if (0..19).contains(x + 1) && (0..19).contains(&(y + 1))
[INFO] [stdout]     |                                                        ++     +
[INFO] [stdout] 
[INFO] [stdout] 
[INFO] [stdout] error[E0308]: mismatched types
[INFO] [stdout]    --> src/board/board.rs:288:29
[INFO] [stdout]     |
[INFO] [stdout] 288 |         if (0..19).contains(y + 1)
[INFO] [stdout]     |                    -------- ^^^^^ expected `&_`, found `i32`
[INFO] [stdout]     |                    |
[INFO] [stdout]     |                    arguments to this method are incorrect
[INFO] [stdout]     |
[INFO] [stdout]     = note: expected reference `&_`
[INFO] [stdout]                     found type `i32`
[INFO] [stdout] note: method defined here
[INFO] [stdout]    --> /rustc/e6e4f7ed1589e03bc2f6c5931c1a72e7947e8682/library/core/src/ops/range.rs:119:12
[INFO] [stdout] help: consider borrowing here
[INFO] [stdout]     |
[INFO] [stdout] 288 |         if (0..19).contains(&(y + 1))
[INFO] [stdout]     |                             ++     +
[INFO] [stdout] 
[INFO] [stdout] 
[INFO] [stdout] error[E0308]: mismatched types
[INFO] [stdout]    --> src/board/board.rs:288:29
[INFO] [stdout]     |
[INFO] [stdout] 288 |         if (0..19).contains(y + 1)
[INFO] [stdout]     |                    -------- ^^^^^ expected `&_`, found `i32`
[INFO] [stdout]     |                    |
[INFO] [stdout]     |                    arguments to this method are incorrect
[INFO] [stdout]     |
[INFO] [stdout]     = note: expected reference `&_`
[INFO] [stdout]                     found type `i32`
[INFO] [stdout] note: method defined here
[INFO] [stdout]    --> /rustc/e6e4f7ed1589e03bc2f6c5931c1a72e7947e8682/library/core/src/ops/range.rs:119:12
[INFO] [stdout] help: consider borrowing here
[INFO] [stdout]     |
[INFO] [stdout] 288 |         if (0..19).contains(&(y + 1))
[INFO] [stdout]     |                             ++     +
[INFO] [stdout] 
[INFO] [stdout] 
[INFO] [stdout] error[E0308]: mismatched types
[INFO] [stdout]    --> src/board/board.rs:292:29
[INFO] [stdout]     |
[INFO] [stdout] 292 |         if (0..19).contains(x - 1) && (0..19).contains(y + 1)
[INFO] [stdout]     |                    -------- ^^^^^ expected `&_`, found `i32`
[INFO] [stdout]     |                    |
[INFO] [stdout]     |                    arguments to this method are incorrect
[INFO] [stdout]     |
[INFO] [stdout]     = note: expected reference `&_`
[INFO] [stdout]                     found type `i32`
[INFO] [stdout] note: method defined here
[INFO] [stdout]    --> /rustc/e6e4f7ed1589e03bc2f6c5931c1a72e7947e8682/library/core/src/ops/range.rs:119:12
[INFO] [stdout] help: consider borrowing here
[INFO] [stdout]     |
[INFO] [stdout] 292 |         if (0..19).contains(&(x - 1)) && (0..19).contains(y + 1)
[INFO] [stdout]     |                             ++     +
[INFO] [stdout] 
[INFO] [stdout] 
[INFO] [stdout] error[E0308]: mismatched types
[INFO] [stdout]    --> src/board/board.rs:292:29
[INFO] [stdout]     |
[INFO] [stdout] 292 |         if (0..19).contains(x - 1) && (0..19).contains(y + 1)
[INFO] [stdout]     |                    -------- ^^^^^ expected `&_`, found `i32`
[INFO] [stdout]     |                    |
[INFO] [stdout]     |                    arguments to this method are incorrect
[INFO] [stdout]     |
[INFO] [stdout]     = note: expected reference `&_`
[INFO] [stdout]                     found type `i32`
[INFO] [stdout] note: method defined here
[INFO] [stdout]    --> /rustc/e6e4f7ed1589e03bc2f6c5931c1a72e7947e8682/library/core/src/ops/range.rs:119:12
[INFO] [stdout] help: consider borrowing here
[INFO] [stdout]     |
[INFO] [stdout] 292 |         if (0..19).contains(&(x - 1)) && (0..19).contains(y + 1)
[INFO] [stdout]     |                             ++     +
[INFO] [stdout] 
[INFO] [stdout] 
[INFO] [stdout] error[E0308]: mismatched types
[INFO] [stdout]    --> src/board/board.rs:292:56
[INFO] [stdout]     |
[INFO] [stdout] 292 |         if (0..19).contains(x - 1) && (0..19).contains(y + 1)
[INFO] [stdout]     |                                               -------- ^^^^^ expected `&_`, found `i32`
[INFO] [stdout]     |                                               |
[INFO] [stdout]     |                                               arguments to this method are incorrect
[INFO] [stdout]     |
[INFO] [stdout]     = note: expected reference `&_`
[INFO] [stdout]                     found type `i32`
[INFO] [stdout] note: method defined here
[INFO] [stdout]    --> /rustc/e6e4f7ed1589e03bc2f6c5931c1a72e7947e8682/library/core/src/ops/range.rs:119:12
[INFO] [stdout] help: consider borrowing here
[INFO] [stdout]     |
[INFO] [stdout] 292 |         if (0..19).contains(x - 1) && (0..19).contains(&(y + 1))
[INFO] [stdout]     |                                                        ++     +
[INFO] [stdout] 
[INFO] [stdout] 
[INFO] [stdout] error[E0308]: mismatched types
[INFO] [stdout]    --> src/board/board.rs:292:56
[INFO] [stdout]     |
[INFO] [stdout] 292 |         if (0..19).contains(x - 1) && (0..19).contains(y + 1)
[INFO] [stdout]     |                                               -------- ^^^^^ expected `&_`, found `i32`
[INFO] [stdout]     |                                               |
[INFO] [stdout]     |                                               arguments to this method are incorrect
[INFO] [stdout]     |
[INFO] [stdout]     = note: expected reference `&_`
[INFO] [stdout]                     found type `i32`
[INFO] [stdout] note: method defined here
[INFO] [stdout]    --> /rustc/e6e4f7ed1589e03bc2f6c5931c1a72e7947e8682/library/core/src/ops/range.rs:119:12
[INFO] [stdout] help: consider borrowing here
[INFO] [stdout]     |
[INFO] [stdout] 292 |         if (0..19).contains(x - 1) && (0..19).contains(&(y + 1))
[INFO] [stdout]     |                                                        ++     +
[INFO] [stdout] 
[INFO] [stdout] 
[INFO] [stdout] error[E0308]: mismatched types
[INFO] [stdout]    --> src/board/board.rs:296:29
[INFO] [stdout]     |
[INFO] [stdout] 296 |         if (0..19).contains(x - 1)
[INFO] [stdout]     |                    -------- ^^^^^ expected `&_`, found `i32`
[INFO] [stdout]     |                    |
[INFO] [stdout]     |                    arguments to this method are incorrect
[INFO] [stdout]     |
[INFO] [stdout]     = note: expected reference `&_`
[INFO] [stdout]                     found type `i32`
[INFO] [stdout] note: method defined here
[INFO] [stdout]    --> /rustc/e6e4f7ed1589e03bc2f6c5931c1a72e7947e8682/library/core/src/ops/range.rs:119:12
[INFO] [stdout] help: consider borrowing here
[INFO] [stdout]     |
[INFO] [stdout] 296 |         if (0..19).contains(&(x - 1))
[INFO] [stdout]     |                             ++     +
[INFO] [stdout] 
[INFO] [stdout] 
[INFO] [stdout] error[E0308]: mismatched types
[INFO] [stdout]    --> src/board/board.rs:296:29
[INFO] [stdout]     |
[INFO] [stdout] 296 |         if (0..19).contains(x - 1)
[INFO] [stdout]     |                    -------- ^^^^^ expected `&_`, found `i32`
[INFO] [stdout]     |                    |
[INFO] [stdout]     |                    arguments to this method are incorrect
[INFO] [stdout]     |
[INFO] [stdout]     = note: expected reference `&_`
[INFO] [stdout]                     found type `i32`
[INFO] [stdout] note: method defined here
[INFO] [stdout]    --> /rustc/e6e4f7ed1589e03bc2f6c5931c1a72e7947e8682/library/core/src/ops/range.rs:119:12
[INFO] [stdout] help: consider borrowing here
[INFO] [stdout]     |
[INFO] [stdout] 296 |         if (0..19).contains(&(x - 1))
[INFO] [stdout]     |                             ++     +
[INFO] [stdout] 
[INFO] [stdout] 
[INFO] [stdout] error[E0308]: mismatched types
[INFO] [stdout]    --> src/board/board.rs:300:29
[INFO] [stdout]     |
[INFO] [stdout] 300 |         if (0..19).contains(x - 1) && (0..19).contains(y - 1)
[INFO] [stdout]     |                    -------- ^^^^^ expected `&_`, found `i32`
[INFO] [stdout]     |                    |
[INFO] [stdout]     |                    arguments to this method are incorrect
[INFO] [stdout]     |
[INFO] [stdout]     = note: expected reference `&_`
[INFO] [stdout]                     found type `i32`
[INFO] [stdout] note: method defined here
[INFO] [stdout]    --> /rustc/e6e4f7ed1589e03bc2f6c5931c1a72e7947e8682/library/core/src/ops/range.rs:119:12
[INFO] [stdout] help: consider borrowing here
[INFO] [stdout]     |
[INFO] [stdout] 300 |         if (0..19).contains(&(x - 1)) && (0..19).contains(y - 1)
[INFO] [stdout]     |                             ++     +
[INFO] [stdout] 
[INFO] [stdout] 
[INFO] [stdout] error[E0308]: mismatched types
[INFO] [stdout]    --> src/board/board.rs:300:29
[INFO] [stdout]     |
[INFO] [stdout] 300 |         if (0..19).contains(x - 1) && (0..19).contains(y - 1)
[INFO] [stdout]     |                    -------- ^^^^^ expected `&_`, found `i32`
[INFO] [stdout]     |                    |
[INFO] [stdout]     |                    arguments to this method are incorrect
[INFO] [stdout]     |
[INFO] [stdout]     = note: expected reference `&_`
[INFO] [stdout]                     found type `i32`
[INFO] [stdout] note: method defined here
[INFO] [stdout]    --> /rustc/e6e4f7ed1589e03bc2f6c5931c1a72e7947e8682/library/core/src/ops/range.rs:119:12
[INFO] [stdout] help: consider borrowing here
[INFO] [stdout]     |
[INFO] [stdout] 300 |         if (0..19).contains(&(x - 1)) && (0..19).contains(y - 1)
[INFO] [stdout]     |                             ++     +
[INFO] [stdout] 
[INFO] [stdout] 
[INFO] [stdout] error[E0308]: mismatched types
[INFO] [stdout]    --> src/board/board.rs:300:56
[INFO] [stdout]     |
[INFO] [stdout] 300 |         if (0..19).contains(x - 1) && (0..19).contains(y - 1)
[INFO] [stdout]     |                                               -------- ^^^^^ expected `&_`, found `i32`
[INFO] [stdout]     |                                               |
[INFO] [stdout]     |                                               arguments to this method are incorrect
[INFO] [stdout]     |
[INFO] [stdout]     = note: expected reference `&_`
[INFO] [stdout]                     found type `i32`
[INFO] [stdout] note: method defined here
[INFO] [stdout]    --> /rustc/e6e4f7ed1589e03bc2f6c5931c1a72e7947e8682/library/core/src/ops/range.rs:119:12
[INFO] [stdout] help: consider borrowing here
[INFO] [stdout]     |
[INFO] [stdout] 300 |         if (0..19).contains(x - 1) && (0..19).contains(&(y - 1))
[INFO] [stdout]     |                                                        ++     +
[INFO] [stdout] 
[INFO] [stdout] 
[INFO] [stdout] error[E0308]: mismatched types
[INFO] [stdout]    --> src/board/board.rs:300:56
[INFO] [stdout]     |
[INFO] [stdout] 300 |         if (0..19).contains(x - 1) && (0..19).contains(y - 1)
[INFO] [stdout]     |                                               -------- ^^^^^ expected `&_`, found `i32`
[INFO] [stdout]     |                                               |
[INFO] [stdout]     |                                               arguments to this method are incorrect
[INFO] [stdout]     |
[INFO] [stdout]     = note: expected reference `&_`
[INFO] [stdout]                     found type `i32`
[INFO] [stdout] note: method defined here
[INFO] [stdout]    --> /rustc/e6e4f7ed1589e03bc2f6c5931c1a72e7947e8682/library/core/src/ops/range.rs:119:12
[INFO] [stdout] help: consider borrowing here
[INFO] [stdout]     |
[INFO] [stdout] 300 |         if (0..19).contains(x - 1) && (0..19).contains(&(y - 1))
[INFO] [stdout]     |                                                        ++     +
[INFO] [stdout] 
[INFO] [stdout] 
[INFO] [stdout] error[E0308]: mismatched types
[INFO] [stdout]    --> src/board/board.rs:304:29
[INFO] [stdout]     |
[INFO] [stdout] 304 |         if (0..19).contains(y - 1)
[INFO] [stdout]     |                    -------- ^^^^^ expected `&_`, found `i32`
[INFO] [stdout]     |                    |
[INFO] [stdout]     |                    arguments to this method are incorrect
[INFO] [stdout]     |
[INFO] [stdout]     = note: expected reference `&_`
[INFO] [stdout]                     found type `i32`
[INFO] [stdout] note: method defined here
[INFO] [stdout]    --> /rustc/e6e4f7ed1589e03bc2f6c5931c1a72e7947e8682/library/core/src/ops/range.rs:119:12
[INFO] [stdout] help: consider borrowing here
[INFO] [stdout]     |
[INFO] [stdout] 304 |         if (0..19).contains(&(y - 1))
[INFO] [stdout]     |                             ++     +
[INFO] [stdout] 
[INFO] [stdout] 
[INFO] [stdout] error[E0308]: mismatched types
[INFO] [stdout]    --> src/board/board.rs:304:29
[INFO] [stdout]     |
[INFO] [stdout] 304 |         if (0..19).contains(y - 1)
[INFO] [stdout]     |                    -------- ^^^^^ expected `&_`, found `i32`
[INFO] [stdout]     |                    |
[INFO] [stdout]     |                    arguments to this method are incorrect
[INFO] [stdout]     |
[INFO] [stdout]     = note: expected reference `&_`
[INFO] [stdout]                     found type `i32`
[INFO] [stdout] note: method defined here
[INFO] [stdout]    --> /rustc/e6e4f7ed1589e03bc2f6c5931c1a72e7947e8682/library/core/src/ops/range.rs:119:12
[INFO] [stdout] help: consider borrowing here
[INFO] [stdout]     |
[INFO] [stdout] 304 |         if (0..19).contains(&(y - 1))
[INFO] [stdout]     |                             ++     +
[INFO] [stdout] 
[INFO] [stdout] 
[INFO] [stdout] error[E0308]: mismatched types
[INFO] [stdout]    --> src/board/board.rs:308:29
[INFO] [stdout]     |
[INFO] [stdout] 308 |         if (0..19).contains(x + 1) && (0..19).contains(y - 1)
[INFO] [stdout]     |                    -------- ^^^^^ expected `&_`, found `i32`
[INFO] [stdout]     |                    |
[INFO] [stdout]     |                    arguments to this method are incorrect
[INFO] [stdout]     |
[INFO] [stdout]     = note: expected reference `&_`
[INFO] [stdout]                     found type `i32`
[INFO] [stdout] note: method defined here
[INFO] [stdout]    --> /rustc/e6e4f7ed1589e03bc2f6c5931c1a72e7947e8682/library/core/src/ops/range.rs:119:12
[INFO] [stdout] help: consider borrowing here
[INFO] [stdout]     |
[INFO] [stdout] 308 |         if (0..19).contains(&(x + 1)) && (0..19).contains(y - 1)
[INFO] [stdout]     |                             ++     +
[INFO] [stdout] 
[INFO] [stdout] 
[INFO] [stdout] error[E0308]: mismatched types
[INFO] [stdout]    --> src/board/board.rs:308:29
[INFO] [stdout]     |
[INFO] [stdout] 308 |         if (0..19).contains(x + 1) && (0..19).contains(y - 1)
[INFO] [stdout]     |                    -------- ^^^^^ expected `&_`, found `i32`
[INFO] [stdout]     |                    |
[INFO] [stdout]     |                    arguments to this method are incorrect
[INFO] [stdout]     |
[INFO] [stdout]     = note: expected reference `&_`
[INFO] [stdout]                     found type `i32`
[INFO] [stdout] note: method defined here
[INFO] [stdout]    --> /rustc/e6e4f7ed1589e03bc2f6c5931c1a72e7947e8682/library/core/src/ops/range.rs:119:12
[INFO] [stdout] help: consider borrowing here
[INFO] [stdout]     |
[INFO] [stdout] 308 |         if (0..19).contains(&(x + 1)) && (0..19).contains(y - 1)
[INFO] [stdout]     |                             ++     +
[INFO] [stdout] 
[INFO] [stdout] 
[INFO] [stdout] error[E0308]: mismatched types
[INFO] [stdout]    --> src/board/board.rs:308:56
[INFO] [stdout]     |
[INFO] [stdout] 308 |         if (0..19).contains(x + 1) && (0..19).contains(y - 1)
[INFO] [stdout]     |                                               -------- ^^^^^ expected `&_`, found `i32`
[INFO] [stdout]     |                                               |
[INFO] [stdout]     |                                               arguments to this method are incorrect
[INFO] [stdout]     |
[INFO] [stdout]     = note: expected reference `&_`
[INFO] [stdout]                     found type `i32`
[INFO] [stdout] note: method defined here
[INFO] [stdout]    --> /rustc/e6e4f7ed1589e03bc2f6c5931c1a72e7947e8682/library/core/src/ops/range.rs:119:12
[INFO] [stdout] help: consider borrowing here
[INFO] [stdout]     |
[INFO] [stdout] 308 |         if (0..19).contains(x + 1) && (0..19).contains(&(y - 1))
[INFO] [stdout]     |                                                        ++     +
[INFO] [stdout] 
[INFO] [stdout] 
[INFO] [stdout] error[E0308]: mismatched types
[INFO] [stdout]    --> src/board/board.rs:308:56
[INFO] [stdout]     |
[INFO] [stdout] 308 |         if (0..19).contains(x + 1) && (0..19).contains(y - 1)
[INFO] [stdout]     |                                               -------- ^^^^^ expected `&_`, found `i32`
[INFO] [stdout]     |                                               |
[INFO] [stdout]     |                                               arguments to this method are incorrect
[INFO] [stdout]     |
[INFO] [stdout]     = note: expected reference `&_`
[INFO] [stdout]                     found type `i32`
[INFO] [stdout] note: method defined here
[INFO] [stdout]    --> /rustc/e6e4f7ed1589e03bc2f6c5931c1a72e7947e8682/library/core/src/ops/range.rs:119:12
[INFO] [stdout] help: consider borrowing here
[INFO] [stdout]     |
[INFO] [stdout] 308 |         if (0..19).contains(x + 1) && (0..19).contains(&(y - 1))
[INFO] [stdout]     |                                                        ++     +
[INFO] [stdout] 
[INFO] [stdout] 
[INFO] [stdout] error: aborting due to 14 previous errors; 3 warnings emitted
[INFO] [stdout] 
[INFO] [stdout] 
[INFO] [stdout] For more information about this error, try `rustc --explain E0308`.
[INFO] [stdout] 
[INFO] [stderr] error: could not compile `gomoku` (lib) due to 15 previous errors; 3 warnings emitted
[INFO] [stdout] error: aborting due to 14 previous errors; 3 warnings emitted
[INFO] [stdout] 
[INFO] [stdout] 
[INFO] [stderr] warning: build failed, waiting for other jobs to finish...
[INFO] [stdout] For more information about this error, try `rustc --explain E0308`.
[INFO] [stdout] 
[INFO] [stderr] error: could not compile `gomoku` (lib test) due to 15 previous errors; 3 warnings emitted
[INFO] running `Command { std: "docker" "inspect" "1d59668f02b42d729d41ee413c1de38074bdf32167dd635e697e0ee731ce6b72", kill_on_drop: false }`
[INFO] running `Command { std: "docker" "rm" "-f" "1d59668f02b42d729d41ee413c1de38074bdf32167dd635e697e0ee731ce6b72", kill_on_drop: false }`
[INFO] [stdout] 1d59668f02b42d729d41ee413c1de38074bdf32167dd635e697e0ee731ce6b72
